f 0 - (2 - 6) - (-21 - -18)?
7
Calculate 4 + (7 - (-2 - -19)) + 15.
9
What is the value of 52 + (-29 - -15) + -13 - 5?
20
Evaluate (-83 - -91) + (-2 - -6).
12
Calculate -6 + -9 + (16 - (7 - 5)) - 27.
-28
Calculate -30 + 0 - (20 + 27 + -48).
-29
What is (10 - 2) + (-21 - (16 + -26))?
-3
Evaluate -17 - (-1 + (16 - 42)).
10
(8 - 5) + -3 - (-25 + 24)
1
What is the value of 6 + -1 + -11 - 27 - -10?
-23
-155 + 150 + (-9 + 1 - 1)
-14
Evaluate (-2 + 1 - -6) + (0 - (6 + -16)).
15
-1 + (1 - 0) + (45 - 128) + 64
-19
Calculate -3 + -14 - -10 - -18 - 7.
4
Calculate -2 + (-12 - -27 - (-11 + 3 + -2)).
23
What is (-1 - (-3 - 0)) + (18 - 11 - 6)?
3
What is the value of 3 + (14 - ((14 - 10) + 11 + -5))?
7
Evaluate (237 - 231) + (0 + 0 - 7) + 19.
18
14 + -18 + -3 + 5 - -22
20
What is the value of 33 + -42 - (17 - 7)?
-19
Evaluate 13 + 2 + -286 + 297.
26
What is (15 - -20) + -17 + -6?
12
Evaluate 9 + (-4 - (-11 - (3 + 0 + -5))).
14
Calculate 4 + -1 + -1 + 266 + -279.
-11
What is the value of (-6 - (1 + 10)) + 6 + 28?
17
(-18 - (2 - -1)) + 14 + -8 + 4
-11
Evaluate -3 - (0 - (2 + -5 - (-5 + 4))).
-5
Calculate (-61 + 58 - (-7 + -1)) + 0 + -1.
4
Evaluate -1 + -1 + -5 + -1 + -6 - -7.
-7
Evaluate -11 - -18 - (1 + 2).
4
Calculate (-5 - -12 - 15 - -25) + -20.
-3
Calculate 5 + (-16 - 5) + 8 - -7.
-1
Calculate -2 + 15 - (-5 + (5 - 0) + 7).
6
-25 + -9 + 10 + 12 + (-3 - 1)
-16
What is -1 + (0 - (-9 + 1)) + 841 + -860?
-12
Calculate 23 - (16 + (-16 - -3)).
20
What is the value of 16 - -2 - (-17 + -21 + 30) - 9?
17
Calculate (11 - (1 - 1)) + -37 + 16.
-10
Calculate 2 + (144 - 137 - (5 - (-1 - -1))).
4
Calculate 5 + (-10 - -14) + 7.
16
Evaluate -12 + -5 + (3 - -9).
-5
What is the value of (-12 - 0) + (-3 - -53 - 39)?
-1
What is -6 - (0 - -2) - (-602 + 593)?
1
Calculate 2 - (-13 + (20 - 11) - -17).
-11
4 + 2 + (0 - (-4 - -2))
8
What is the value of (0 - 4 - -12 - -30) + -14?
24
Evaluate (6 - -7 - 24) + 24.
13
What is the value of -6 + 25 + -35 + 29?
13
-15 - (20 + -20 + 1)
-16
What is the value of 12 + (19 - 23) + (-15 - 3)?
-10
What is the value of 3 + (-2 - 5) + (-9 - (-4 + -5))?
-4
What is (-2 - (3 - 4)) + (9 - (1 + -1))?
8
What is -4 + -2 + -18 + 29?
5
-18 - ((-8 - -6) + (7 - (1 + 6)))
-16
What is the value of 13 + 2 + (-10 - 2)?
3
What is (-4 - -30) + (22 - -15 - 38)?
25
Calculate (-6 - (-14 - -20)) + 14.
2
What is the value of 24 + -31 + 7 + -3 + -15?
-18
Evaluate (-3 - -6) + (23 - 23) - -28.
31
19 + (-15 - -12) + -32
-16
Evaluate (11 - 1) + -2437 + 2442.
15
Calculate -9 - (-23 - (-3 - 13)).
-2
What is (-10 - -1) + 291 + -280?
2
Evaluate (-26 - 2) + 43 - (8 + -3).
10
Calculate 1 + (12 - -7) + -12.
8
What is the value of -7 + -8 + 13 + 8 - (-11 - -1)?
16
-5 + (-7 + 9 - -6) + -11
-8
What is the value of -101 - -97 - (1 + -24 + 1)?
18
Evaluate 0 + 3 + 1 + (-2 - (4 - -1)).
-3
What is the value of 4 + 1 + 1 + (-8 + 2 - 4)?
-4
What is the value of -1 + -1 + (-29 - -33) - (-5 - 1)?
8
What is the value of (-27 - (44 - 68)) + 2?
-1
What is 2 + -5 + 3 + -14 + 5?
-9
What is -13 + (-6 - (4 - 10 - 3)) - 4?
-14
(-94 - -97) + -25 + (1 - 2 - -4)
-19
Evaluate 1 + 2 + ((2 - 5) + -11 - -11).
0
What is the value of -32 + -11 + 23 + -8 + 14?
-14
Calculate 13 + -5 + -4 + 16 + -13.
7
What is the value of -29 + (-26 - -31) + 3?
-21
-1 + -8 + 70 + (67 - 139)
-11
Calculate 19 + -7 - 18 - (-1 - -4).
-9
What is the value of (-5 - (-7 + -4 - 4)) + -3 + -1?
6
Calculate -2 + (-2 - -3) + -8 + -12 + 31.
10
What is -13 + (-7 - 1) + 5 + (-3 - -10)?
-9
Evaluate -4 + -8 - (13 - (3 - -9 - 4)).
-17
What is the value of 12 - (-5 + 11) - 35?
-29
Evaluate -23 + (-3 - (6 + 3 + -25)).
-10
Evaluate (-3 - 24) + 3 - -5.
-19
What is the value of 6 + (2 - (4 + -1)) - -8?
13
What is 30 + 1 + -685 + 672?
18
What is 2 + -5 + (-1 - (-4 - -1 - 4))?
3
What is -15 + 12 + -1 + -2 + 6 + 2?
2
21 + (12 - 33 - 23)
-23
-19 + 10 + (23 - 14)
0
Calculate -11 - (-6 + (10 - (-4 + 12 - 3))).
-10
What is the value of -43 + (11 - 16 - -26)?
-22
What is 601 + -623 - (0 + -2 + 3 + 2)?
-25
Calculate 3 + 0 + -2 - (35 - 14 - 38).
18
15 + 32 + -91 - -25
-19
-2 - -1 - (11 - (4 - -16))
8
Calculate -11 + -3 - (-2 - 9) - -23.
20
Evaluate (11 + -33 - -25) + (-1 - -9).
11
Calculate (-3 - 2) + (2 - 3) + -4 + -1.
-11
Calculate 0 - -9 - (16 + -9 + 3).
-1
Evaluate -1 + -12 + (6 - -2) + 28 + -34.
-11
What is the value of 4 - (28 - 36 - (-9 + 1))?
4
-20 + (20 - 14) - 5
-19
What is the value of 7 + (-10 - 3) + 10 + 13?
17
What is the value of 5 + -9 + 5 - (16 + -6 - 11)?
2
What is the value of 167 + -161 - (-18 + 2 + -3)?
25
Calculate -1 - (1 + 2) - (21 - 24).
-1
Evaluate -25 - -13 - (-14 - -2) - 23.
-23
What is 43 - (253 + -233 + -1 + 0)?
24
Calculate -6 - (8 + (-7 - 13) + -5).
11
7 + -8 - (-3 + (-8 - -1))
9
What is the value of -16 + 2 + -26 + (-25 - -55)?
-10
(1 - 6 - -3) + (-5 - -6)
-1
Evaluate -3 - -7 - (2 + -6 - -20).
-12
4 + (-3 - -1) + -18 + 33
17
Evaluate (16 - 2) + (23 - (20 - -9)).
8
(55 - 54) + (16 - (1 + -2)) - 7
11
What is the value of -2 - 23 - -39 - 8?
6
Evaluate (187 - 175) + (0 - 16) - (1 + 1).
-6
Calculate (-47 - 4) + -47 + 55 - (-9 - 0).
-34
8 - (16 - (1 + 1) - -6)
-12
What is -9 + -5 + 0 + 25 + -12?
-1
-16 - 14 - -21 - (0 - 8)
-1
What is the value of -19 + 10 + 9 + 3?
3
Evaluate -14 + -2 + 2 + 8 + -150 + 150.
-6
What is the value of (11 - (24 + 13)) + 21?
-5
Evaluate 5 + 7 + (-3 - (-2 - -8)).
3
Calculate -40 - -58 - (-3 + 5).
16
-4 + (-5 + 3 - -13) - (-7 + 14)
0
What is the value of 1 + -2 - (46 + -39) - 2?
-10
Evaluate 8 + (-22 - (-13 - -6)).
-7
Calculate -241 + 245 - ((0 - 1) + 1).
4
20 - (-2 - (-15 + -1)) - (2 - 1)
5
What is -2 - (-18 + -14 - -14)?
16
What is 173 + -186 + -1 + -2 + 32?
16
What is -24 + 26 + -10 - (-2 + 1)?
-7
What is -4 + 16 + -3 + 3?
12
Calculate -8 + -17 + 3 + -6 + 4.
-24
Calculate 1 - (-11 - (7 - 10)).
9
What is the value of 10 - (4 + -4 + -6 - -6) - 0?
10
Calculate -8 + (-1 + 10 - 8) - 11.
-18
4 - 0 - (-6 - ((-1 - 7) + -1))
1
What is (3 - -8) + -2 + -11?
-2
-3 - (-9 + 10 + 0) - 5
-9
Calculate (3 - -1) + (25 - 56) + 11.
-16
What is -8 - (-1 + -8 + 1)?
0
Evaluate 3 - ((-21 - -6) + 5 + -1).
14
What is -1 + 12 + (-8 + (-12 - 0) - -12)?
3
What is the value of -2 - (14 + -11 - 15 - -8)?
2
What is the value of 14 + -16 + 8 + -6 + (-2 - 0)?
-2
(39 - (22 - -3)) + 5 + (-3 - 2)
14
What is -3 + (-17 - -4) + 7?
-9
Calculate 9 - ((12 - -2) + 5) - -2.
-8
Calculate (-8 - 0) + (-12 - (6 + (-9 - 2))).
-15
5 - (2 + (-5 - (0 - -8 - 13)))
3
Evaluate 1 + 15 - (13 + 0 - 3 - 8).
14
Calculate 10 + 9 - (-5 - (-4 - 3) - -7).
10
What is (-10 - (-1 + (7 - 8))) + -2 + 6?
-4
Evaluate 1 + -49 - (11 + -106 - -84).
-37
Evaluate (-22 + 5 - -34) + -8.
9
What is -44 - (7 - 10) - -74?
33
What is the value of (15 - 14) + -12 + 20?
9
What is the value of (-7 + (1 - -10) - 9) + 11?
6
What is 5 + -3 + -11 + -6 - (-1 + 1)?
-15
What is the value of -2 + -11 - -18 - (-2 - -8)?
-1
What is the value of 7 + (-14 + 11 + 1 + 6 - 24)?
-13
What is (3 - 8 - (-1 - -7)) + 11?
0
What is the value of 24 - (-134 + 126 - (-1 + -9))?
22
Evaluate -18 + (-17 - (-39 + 23)).
-19
Evaluate 16 - (0 - -1) - (7 + -32 - -29).
11
Calculate -17 - (8 + (-5 + 7 - 6)).
-21
What is the value of -13 + 22 - (16 + 4)?
-11
Evaluate 23 + -7 + (-6 - 2).
8
6 - (12 - (0 + -1 + -4))
-11
Evaluate -4 + 0 + 1 + (23 - 24).
-4
1 + 2 - (-16 + 0)
19
Calculate 6 - (-7 - (-1 - -1)).
13
What is the value of -18 + 0 - (273 + -280)?
-11
Evaluate -1 + -14 - (-58 + 45).
-2
What is the value of (5 - -4) + (1 - 6) - (0 - -9)?
-5
What is -5 + -22 - (-26 - (-23 + 11))?
-13
What is the value of 3 - -19 - (-17 - -26)?
13
Calculate 13 + -15 - (-6 - (-10 + 4) - 23).
21
(-11 - (1 - (-3 + 1))) + (10 - 6)
-10
What is (-11 - -9) + 4 + -7?
-5
What is the value of (-10 - -1) + (1 - -14) - -7?
13
Evaluate -2 + 5 - (11 + (-23 - -14)).
1
What is -1 - -13 - ((-13 - -8) + 8 + -3)?
12
Evaluate -14 - (-19 + 16 + -6).
-5
Calculate 9 + (56 - 41) - (3 + (-2 - -1)).
22
What is the value of 2 + (1 - 14 - -16) + -2?
3
-32 + (-35 - -91) + -13
11
Calculate -6 + 3 + -7 + 10 - (-6 - 2).
8
What is -5 - (2 + (9 + -9 + -9 - 0))?
2
What is the value of 15 + (-6 - 8 - 2)?
-1
Calculate -62 - 5 - (52 + -89).
-30
Calculate 1 + (0 - -24) + (-26 - (-27 + 8)).
18
What is the value of -7 - ((-23 - -27) + 5)?
-16
(-1 - (-2 + 20)) + 70 + (-7 - 63)
-19
